= 59 - -192. List the prime factors of r.
251
Suppose 11 = 2*h - 119. What are the prime factors of h?
5, 13
Let o = 9 + 0. List the prime factors of o.
3
Let h(t) = t**3 + 13*t**2 - 10*t - 5. List the prime factors of h(-7).
359
Suppose -5*f = -c + 19, c - 3*f - 5 = 2*c. Suppose 5*x + t - 108 = 3*t, -4*x = c*t - 64. What are the prime factors of x?
2, 5
Let q = -13 - -17. Suppose 2*f + z - 5*z - 6 = 0, 5*f - 39 = q*z. List the prime factors of f.
11
Let v be (-2)/(-3) - 948/18. Let h = 94 + v. List the prime factors of h.
2, 3, 7
Let h be (-6)/(-33) + (-4)/22. Suppose 4*a + 5*x - 58 = h, 4*a = 2*x + 2*x + 76. Suppose -3 = -2*v + a. List the prime factors of v.
2, 5
Let p be (15/9)/(1/6). Suppose 2*f = 5*d - f - 32, -4*f - p = -2*d. List the prime factors of d.
7
Let i be 4/10 - (-83)/5. Suppose g - 5*k = i, 3*g + 2*k = k + 99. Suppose -3*u - a = -g, -3*u - 3*a = -2 - 22. List the prime factors of u.
2, 3
Let m be (0 + 2)*2/1. Suppose -2*z + 29 = h, m*h + 50 = 4*z - 26. What are the prime factors of (-3)/(-5)*(z + -1)?
3
Let q = 155 - 117. List the prime factors of q.
2, 19
Suppose 0 = 4*u + m + 4, 2*u + 3*u - 2*m - 8 = 0. Let d = 5 - u. Suppose 0 = 2*n - d*q - 13, 5*n - q + 2*q = 19. List the prime factors of n.
2
Let k(u) = -u. Let n(j) = -11*j + 4. Let c(o) = 4*k(o) - n(o). Let z be c(4). Let d = z + -12. List the prime factors of d.
2, 3
Let q(x) = -10*x**3 + x**2 + 2*x + 1. Let w be q(-1). Let c = w - 6. Suppose 26 = z + 2*z + c*u, 0 = 2*u + 8. List the prime factors of z.
2, 7
Suppose -2*v + 3*q + 16 = 0, 2*q = 4*v + 3*q - 4. Suppose v*i - 36 = -0*i. Suppose 2*u - i = -0*u. What are the prime factors of u?
3
Let y(r) = -22*r - 28. What are the prime factors of y(-15)?
2, 151
Suppose 0 = 2*r + 3 - 17. Let n = 26 + -23. Suppose r*l - 52 = n*l. List the prime factors of l.
13
Let w = -208 + 340. What are the prime factors of w?
2, 3, 11
Suppose -2*o = t - 7*o - 223, -2*t - 4*o = -502. What are the prime factors of t?
3
Suppose 8 = 4*z - 0. Let c be (-1)/z*(4 + -10). Suppose 35 = c*d + 8. What are the prime factors of d?
3
Let y(j) = 4*j - 2. Let x be y(3). Suppose -3*c = -2*m - 34, 2*c - 4*m - x = 10. What are the prime factors of c?
2, 3
Let v(r) = -r**2 - 14*r - 16. Let p(o) = o**2 + 2*o. Let z be p(6). Suppose 3*n = -n - z. List the prime factors of v(n).
2
Suppose 4*k + 9 + 7 = 0. List the prime factors of (k/8)/(2/(-44)).
11
Let p = 23 + -3. What are the prime factors of p?
2, 5
Let i = -18 - -56. List the prime factors of i.
2, 19
Let w(k) = -k**3 + 10*k**2 + 16*k - 16. Let g(c) = -3*c - 7. Let p be g(-6). What are the prime factors of w(p)?
3, 13
Let g be (-2)/(-3) + (-8)/12. Suppose g = w + w + 2. What are the prime factors of -12*(14/(-8) - w)?
3
Suppose m = -28 + 107. List the prime factors of m.
79
Let p(h) = -h**2 + 9*h + 13. Let l be p(10). What are the prime factors of 0 + 2 + l/3?
3
Let m = 10 - 5. Suppose 0 = -3*o + 4*v + 2, 5 - 1 = o + 2*v. Suppose m*u = 2*b + 73, -o*u - 4*b = -0*u - 10. What are the prime factors of u?
13
Let p be (10/(-4))/((-2)/(-12)). List the prime factors of (-3)/(-5) + (-21)/p.
2
Let k(g) = -g**2 - 19*g + 20. What are the prime factors of k(-16)?
2, 17
Let y(m) = 138*m**2 - 1. What are the prime factors of y(-1)?
137
Suppose -5*b = -3*b - 10. Suppose 2*l - 3*l = -6. Suppose -l + 26 = b*z. What are the prime factors of z?
2
Let u be 5 + -3 + 6/2. Suppose 0 = u*p + 4*h - 13 - 12, -p - 9 = -2*h. Let z = p + 8. What are the prime factors of z?
3
Let x = 60 + 40. What are the prime factors of x?
2, 5
Let r(h) = -h**2 - 7*h - 2. Let n(d) = -6*d**2. Let f be n(1). Let m be r(f). Suppose -6 = -4*u + 2*v + 12, -6 = u - m*v. List the prime factors of u.
2, 3
Let q(u) = u**2 - 9. Let o be q(8). Suppose -67 = -5*f - 2*x, o + 21 = 4*f - 4*x. What are the prime factors of f?
3, 5
Let k(m) be the third derivative of 0 - 5/6*m**3 + 1/12*m**5 + 0*m - 1/8*m**4 - m**2 + 1/120*m**6. What are the prime factors of k(-5)?
2, 5
Suppose 0 = -w + 3*s + 11, 0*s - s = 1. Suppose -3*z = 3, 0 = 3*j - w*j - 2*z + 48. What are the prime factors of j?
2, 5
Suppose v + 2*w - 316 = 0, -2*v + v - 5*w + 304 = 0. Let u = -110 + v. What are the prime factors of u/14 + 8/(-28)?
3, 5
Suppose -3*h = -7*h + 16. Suppose 0 = -5*t + n + 135, 6*n - n - 108 = -h*t. What are the prime factors of t?
3
Suppose z + 5 = 0, 5*z + 5 = -2*t + 62. Let k = 66 - t. List the prime factors of k.
5
Let l(h) be the first derivative of 2*h**3/3 + 2. List the prime factors of l(1).
2
Suppose -4*v = 33 + 27. Let o = v + 27. What are the prime factors of o?
2, 3
Suppose -3*k - 3*q + 8 + 1 = 0, 4*k - q = 12. Suppose k + 2 = n. What are the prime factors of n?
5
Let r = -6 - -9. Suppose 5*b + 39 = 4*s, s - r*b = -s + 21. What are the prime factors of s?
2, 3
Suppose 2 = -4*m - 2. What are the prime factors of m*((-3)/(-1) + -8)?
5
Let c(a) = 2*a - 4. List the prime factors of c(10).
2
Suppose 3*a + 34 = -2. Let h = a + 21. Suppose j - 4*j = -h. List the prime factors of j.
3
Let w be ((-3)/2)/(12/32). Suppose 3 = 2*s - 11. Let t = w + s. What are the prime factors of t?
3
What are the prime factors of ((-105)/14)/((-1)/6)?
3, 5
Let g(j) = 18*j**3 + j**2 - 1. Let c be g(1). Suppose k - c = -1. Suppose 2*w - 20 = -5*b, w = 4*b + k - 46. What are the prime factors of b?
2, 3
Let x = 22 - 9. Suppose -5*c - 3*r + x = 0, 5*c + 2*r - 2 = 3*c. Suppose 2*u = -5*y + 26, y + 10 = c*y - 2*u. List the prime factors of y.
2
Let z(p) = -p - p - p + 5*p. What are the prime factors of z(4)?
2
Let v(u) = u**3 + 17*u**2 - 2*u - 35. Let d be v(-17). Suppose -5*z + 0*z = 30. List the prime factors of (d - 0)*(z + 1).
5
Let w(t) = 3*t**2 + 2*t + 3*t - 5 - 4*t**2. Let o be w(4). List the prime factors of (o/(-1))/((-1)/(-9)).
3
Let d(m) = -5*m**3 + m**2 + m - 3. What are the prime factors of d(-4)?
7, 47
Let s(h) = h**2 + 7*h - 12. Suppose -5*k + 39 + 221 = 0. Suppose -4*d - k = -12. List the prime factors of s(d).
2, 3
Suppose 4*a - 2*a - 18 = 0. Suppose 2*l = 53 - a. Let s = l + -11. What are the prime factors of s?
11
Let j(h) = h**2 - 4*h - 2. Let o be j(5). Suppose -o*k + 4 = q, k + 0*k - 2 = -q. What are the prime factors of (-2 + 1)*k + 17?
2
Let w(g) be the first derivative of g**4/4 - 5*g**3/3 - g**2/2 + 7*g + 2. Let h be w(5). Suppose -36 = -o - h*o. What are the prime factors of o?
2, 3
What are the prime factors of 431/11 - (-12)/(-66)?
3, 13
Suppose 0*y + 2*y + 2 = 0. What are the prime factors of (-5)/(y/33*3)?
5, 11
Let n = -50 - -80. What are the prime factors of n?
2, 3, 5
Let m = 70 + -41. What are the prime factors of m?
29
Let x(p) = -1 + 3 - 2*p - 4. Let l be x(-5). Suppose 0*b + l = b. List the prime factors of b.
2
Let f(g) = g**2 + 2*g + 9. What are the prime factors of f(-5)?
2, 3
Let v = 1 + -1. Let u = v - -6. What are the prime factors of u?
2, 3
Suppose -7*p = -2*p. Suppose 2*f = -p*f + 28. List the prime factors of f.
2, 7
Let f(y) be the third derivative of -y**5/60 - y**4/6 - y**3/6 + 3*y**2. What are the prime factors of f(-3)?
2
Suppose -r = r + 6. Let c = 7 - r. What are the prime factors of c?
2, 5
Suppose 20 = 5*r + 3*i + 2*i, 4*i = -2*r + 2. Let b(n) = -n**3 + 6*n**2 + 6*n + 10. List the prime factors of b(r).
3
List the prime factors of -7 + 10 + (1 - -56).
2, 3, 5
Let w(r) = r + 4. Let n be w(0). Suppose n*m - 20 = -3*k, -k + 16 = 4*m + 4. Suppose -x - 3*t = -16, m*x + 5*t = t + 26. List the prime factors of x.
7
Suppose 0*k + 3*k = -2*y - 2, 0 = 3*k - 5*y + 37. Let m(l) = -2*l**2 - 2*l + 3*l - 2 + l + 3*l**2. List the prime factors of m(k).
2, 3
Suppose -5*y = -3*m - 467, -2*y - 2*m + 40 + 150 = 0. List the prime factors of y.
2, 47
Suppose 3*s + 125 = y, y + 2*s - 80 - 70 = 0. List the prime factors of y.
2, 5, 7
Suppose -4*c + 5*j = -192, c - 3*j = -0*j + 41. What are the prime factors of c?
53
Let u be 10/(-25) + (-76)/10. Let a = 10 + u. List the prime factors of a.
2
Let x(g) = -g**2 + 8*g - 10. Let h be x(4). Let a(i) = 3*i + 19. What are the prime factors of a(h)?
37
Let f = 9 - -12. List the prime factors of f.
3, 7
Let y be ((-168)/(-5))/(9/30). Suppose -i + j = -0*j - 23, -5*i + 2*j + y = 0. Suppose 4*c + 64 = 4*u, -i = -u - c - c. What are the prime factors of u?
2, 3
Let p = 67 - -129. List the prime factors of p.
2, 7
Let x(f) = -f*